{"id":371,"date":"2023-08-01T10:15:14","date_gmt":"2023-08-01T10:15:14","guid":{"rendered":"http:\/\/prematech.local\/?page_id=371"},"modified":"2026-01-23T17:09:51","modified_gmt":"2026-01-23T16:09:51","slug":"bienvenue-chez-vous","status":"publish","type":"page","link":"https:\/\/adncse.preprod-kalelia.fr\/?page_id=371","title":{"rendered":"Devenir partenaire formateur\/formatrice ADN CSE"},"content":{"rendered":"<p data-start=\"445\" data-end=\"657\">ADN CSE s\u2019appuie sur un r\u00e9seau de formateurs et de formatrices ind\u00e9pendants partageant une m\u00eame exigence : transmettre des savoirs utiles, rigoureux et directement mobilisables par les acteurs du dialogue social. Nous privil\u00e9gions des relations de partenariat durables, fond\u00e9es sur la confiance, la reconnaissance des expertises et le respect de l\u2019ind\u00e9pendance professionnelle de chacun.<\/p>\n","protected":false},"excerpt":{"rendered":"<p>ADN CSE s\u2019appuie sur un r\u00e9seau de formateurs et de formatrices ind\u00e9pendants&#8230; <br \/><a class=\"readmore\" href=\"https:\/\/adncse.preprod-kalelia.fr\/?page_id=371\">Lire la suite<\/a><\/p>\n","protected":false},"author":1,"featured_media":1682,"parent":0,"menu_order":0,"comment_status":"closed","ping_status":"closed","template":"modele_rejoignez_nous.php","meta":{"footnotes":""},"class_list":["post-371","page","type-page","status-publish","has-post-thumbnail","hentry"],"yoast_head":"<!-- This site is optimized with the Yoast SEO plugin v24.4 - https:\/\/yoast.com\/wordpress\/plugins\/seo\/ -->\n<title>Devenir partenaire formateur\/formatrice ADN CSE - ADN CSE<\/title>\n<meta name=\"robots\" content=\"noindex, follow, max-snippet:-1, max-image-preview:large, max-video-preview:-1\" \/>\n<meta property=\"og:locale\" content=\"fr_FR\" \/>\n<meta property=\"og:type\" content=\"article\" \/>\n<meta property=\"og:title\" content=\"Devenir partenaire formateur\/formatrice ADN CSE - ADN CSE\" \/>\n<meta property=\"og:description\" content=\"ADN CSE s\u2019appuie sur un r\u00e9seau de formateurs et de formatrices ind\u00e9pendants... Lire la suite\" \/>\n<meta property=\"og:url\" content=\"https:\/\/adncse.preprod-kalelia.fr\/?page_id=371\" \/>\n<meta property=\"og:site_name\" content=\"ADN CSE\" \/>\n<meta property=\"article:modified_time\" content=\"2026-01-23T16:09:51+00:00\" \/>\n<meta property=\"og:image\" content=\"https:\/\/adncse.preprod-kalelia.fr\/wp-content\/uploads\/sites\/3\/2016\/09\/Design-sans-titre-39.png\" \/>\n\t<meta property=\"og:image:width\" content=\"355\" \/>\n\t<meta property=\"og:image:height\" content=\"255\" \/>\n\t<meta property=\"og:image:type\" content=\"image\/png\" \/>\n<meta name=\"twitter:card\" content=\"summary_large_image\" \/>\n<meta name=\"twitter:label1\" content=\"Dur\u00e9e de lecture estim\u00e9e\" \/>\n\t<meta name=\"twitter:data1\" content=\"1 minute\" \/>\n<script type=\"application\/ld+json\" class=\"yoast-schema-graph\">{\"@context\":\"https:\/\/schema.org\",\"@graph\":[{\"@type\":\"WebPage\",\"@id\":\"https:\/\/adncse.preprod-kalelia.fr\/?page_id=371\",\"url\":\"https:\/\/adncse.preprod-kalelia.fr\/?page_id=371\",\"name\":\"Devenir partenaire formateur\/formatrice ADN CSE - ADN CSE\",\"isPartOf\":{\"@id\":\"https:\/\/adncse.preprod-kalelia.fr\/#website\"},\"primaryImageOfPage\":{\"@id\":\"https:\/\/adncse.preprod-kalelia.fr\/?page_id=371#primaryimage\"},\"image\":{\"@id\":\"https:\/\/adncse.preprod-kalelia.fr\/?page_id=371#primaryimage\"},\"thumbnailUrl\":\"https:\/\/adncse.preprod-kalelia.fr\/wp-content\/uploads\/sites\/3\/2016\/09\/Design-sans-titre-39.png\",\"datePublished\":\"2023-08-01T10:15:14+00:00\",\"dateModified\":\"2026-01-23T16:09:51+00:00\",\"breadcrumb\":{\"@id\":\"https:\/\/adncse.preprod-kalelia.fr\/?page_id=371#breadcrumb\"},\"inLanguage\":\"fr-FR\",\"potentialAction\":[{\"@type\":\"ReadAction\",\"target\":[\"https:\/\/adncse.preprod-kalelia.fr\/?page_id=371\"]}]},{\"@type\":\"ImageObject\",\"inLanguage\":\"fr-FR\",\"@id\":\"https:\/\/adncse.preprod-kalelia.fr\/?page_id=371#primaryimage\",\"url\":\"https:\/\/adncse.preprod-kalelia.fr\/wp-content\/uploads\/sites\/3\/2016\/09\/Design-sans-titre-39.png\",\"contentUrl\":\"https:\/\/adncse.preprod-kalelia.fr\/wp-content\/uploads\/sites\/3\/2016\/09\/Design-sans-titre-39.png\",\"width\":355,\"height\":255,\"caption\":\"ADN CSE : et si nous faisions connaissance ?\"},{\"@type\":\"BreadcrumbList\",\"@id\":\"https:\/\/adncse.preprod-kalelia.fr\/?page_id=371#breadcrumb\",\"itemListElement\":[{\"@type\":\"ListItem\",\"position\":1,\"name\":\"Accueil\",\"item\":\"https:\/\/adncse.preprod-kalelia.fr\/\"},{\"@type\":\"ListItem\",\"position\":2,\"name\":\"Devenir partenaire formateur\/formatrice ADN CSE\"}]},{\"@type\":\"WebSite\",\"@id\":\"https:\/\/adncse.preprod-kalelia.fr\/#website\",\"url\":\"https:\/\/adncse.preprod-kalelia.fr\/\",\"name\":\"ADN CSE\",\"description\":\"\",\"potentialAction\":[{\"@type\":\"SearchAction\",\"target\":{\"@type\":\"EntryPoint\",\"urlTemplate\":\"https:\/\/adncse.preprod-kalelia.fr\/?s={search_term_string}\"},\"query-input\":{\"@type\":\"PropertyValueSpecification\",\"valueRequired\":true,\"valueName\":\"search_term_string\"}}],\"inLanguage\":\"fr-FR\"}]}<\/script>\n<!-- \/ Yoast SEO plugin. -->","yoast_head_json":{"title":"Devenir partenaire formateur\/formatrice ADN CSE - ADN CSE","robots":{"index":"noindex","follow":"follow","max-snippet":"max-snippet:-1","max-image-preview":"max-image-preview:large","max-video-preview":"max-video-preview:-1"},"og_locale":"fr_FR","og_type":"article","og_title":"Devenir partenaire formateur\/formatrice ADN CSE - ADN CSE","og_description":"ADN CSE s\u2019appuie sur un r\u00e9seau de formateurs et de formatrices ind\u00e9pendants... Lire la suite","og_url":"https:\/\/adncse.preprod-kalelia.fr\/?page_id=371","og_site_name":"ADN CSE","article_modified_time":"2026-01-23T16:09:51+00:00","og_image":[{"width":355,"height":255,"url":"https:\/\/adncse.preprod-kalelia.fr\/wp-content\/uploads\/sites\/3\/2016\/09\/Design-sans-titre-39.png","type":"image\/png"}],"twitter_card":"summary_large_image","twitter_misc":{"Dur\u00e9e de lecture estim\u00e9e":"1 minute"},"schema":{"@context":"https:\/\/schema.org","@graph":[{"@type":"WebPage","@id":"https:\/\/adncse.preprod-kalelia.fr\/?page_id=371","url":"https:\/\/adncse.preprod-kalelia.fr\/?page_id=371","name":"Devenir partenaire formateur\/formatrice ADN CSE - ADN CSE","isPartOf":{"@id":"https:\/\/adncse.preprod-kalelia.fr\/#website"},"primaryImageOfPage":{"@id":"https:\/\/adncse.preprod-kalelia.fr\/?page_id=371#primaryimage"},"image":{"@id":"https:\/\/adncse.preprod-kalelia.fr\/?page_id=371#primaryimage"},"thumbnailUrl":"https:\/\/adncse.preprod-kalelia.fr\/wp-content\/uploads\/sites\/3\/2016\/09\/Design-sans-titre-39.png","datePublished":"2023-08-01T10:15:14+00:00","dateModified":"2026-01-23T16:09:51+00:00","breadcrumb":{"@id":"https:\/\/adncse.preprod-kalelia.fr\/?page_id=371#breadcrumb"},"inLanguage":"fr-FR","potentialAction":[{"@type":"ReadAction","target":["https:\/\/adncse.preprod-kalelia.fr\/?page_id=371"]}]},{"@type":"ImageObject","inLanguage":"fr-FR","@id":"https:\/\/adncse.preprod-kalelia.fr\/?page_id=371#primaryimage","url":"https:\/\/adncse.preprod-kalelia.fr\/wp-content\/uploads\/sites\/3\/2016\/09\/Design-sans-titre-39.png","contentUrl":"https:\/\/adncse.preprod-kalelia.fr\/wp-content\/uploads\/sites\/3\/2016\/09\/Design-sans-titre-39.png","width":355,"height":255,"caption":"ADN CSE : et si nous faisions connaissance ?"},{"@type":"BreadcrumbList","@id":"https:\/\/adncse.preprod-kalelia.fr\/?page_id=371#breadcrumb","itemListElement":[{"@type":"ListItem","position":1,"name":"Accueil","item":"https:\/\/adncse.preprod-kalelia.fr\/"},{"@type":"ListItem","position":2,"name":"Devenir partenaire formateur\/formatrice ADN CSE"}]},{"@type":"WebSite","@id":"https:\/\/adncse.preprod-kalelia.fr\/#website","url":"https:\/\/adncse.preprod-kalelia.fr\/","name":"ADN CSE","description":"","potentialAction":[{"@type":"SearchAction","target":{"@type":"EntryPoint","urlTemplate":"https:\/\/adncse.preprod-kalelia.fr\/?s={search_term_string}"},"query-input":{"@type":"PropertyValueSpecification","valueRequired":true,"valueName":"search_term_string"}}],"inLanguage":"fr-FR"}]}},"_links":{"self":[{"href":"https:\/\/adncse.preprod-kalelia.fr\/index.php?rest_route=\/wp\/v2\/pages\/371","targetHints":{"allow":["GET"]}}],"collection":[{"href":"https:\/\/adncse.preprod-kalelia.fr\/index.php?rest_route=\/wp\/v2\/pages"}],"about":[{"href":"https:\/\/adncse.preprod-kalelia.fr\/index.php?rest_route=\/wp\/v2\/types\/page"}],"author":[{"embeddable":true,"href":"https:\/\/adncse.preprod-kalelia.fr\/index.php?rest_route=\/wp\/v2\/users\/1"}],"replies":[{"embeddable":true,"href":"https:\/\/adncse.preprod-kalelia.fr\/index.php?rest_route=%2Fwp%2Fv2%2Fcomments&post=371"}],"version-history":[{"count":2,"href":"https:\/\/adncse.preprod-kalelia.fr\/index.php?rest_route=\/wp\/v2\/pages\/371\/revisions"}],"predecessor-version":[{"id":2530,"href":"https:\/\/adncse.preprod-kalelia.fr\/index.php?rest_route=\/wp\/v2\/pages\/371\/revisions\/2530"}],"wp:featuredmedia":[{"embeddable":true,"href":"https:\/\/adncse.preprod-kalelia.fr\/index.php?rest_route=\/wp\/v2\/media\/1682"}],"wp:attachment":[{"href":"https:\/\/adncse.preprod-kalelia.fr\/index.php?rest_route=%2Fwp%2Fv2%2Fmedia&parent=371"}],"curies":[{"name":"wp","href":"https:\/\/api.w.org\/{rel}","templated":true}]}}